ed by 161?
151
Suppose u + 264 = 2*q + 109, 2*u - 365 = -5*q. Let m(g) = 4*g. Let y be m(-5). What is the remainder when q is divided by 3/1 + y/(-2)?
10
Let h(t) = -t**2 + 34*t - 45. Let s be h(25). Let m = s + -101. Calculate the remainder when m is divided by 21.
16
Let r be (176/(-110))/((-2)/270). Suppose 200 = 26*o - r. Suppose -k + 2*x + 40 = 0, -2*x + 25 = k - x. What is the remainder when k is divided by o?
14
What is the remainder when (3669/(-2))/((-146)/304 + 6/57) is divided by 21?
20
Let z = 0 - -2. Suppose z*w - 55 = -3*w. Suppose 5*p - 152 - 53 = 0. Calculate the remainder when p is divided by w.
8
Let p(l) = 2*l**3 + 13*l**2 - l - 12. What is the remainder when p(6) is divided by 181?
158
Suppose 2*x + 176 - 12 = 0. Let m = 114 + x. Calculate the remainder when 124 is divided by m.
28
Let n(p) = 39*p + 285. What is the remainder when 55 is divided by n(-7)?
7
Let w = 513 + -253. Suppose 118 = 7*d - 1. What is the remainder when w is divided by d?
5
Let x be 1/(-8)*-2 - 2616/(-32). Suppose x*u = 85*u - 51. Calculate the remainder when 439 is divided by u.
14
Suppose j - 258 = -m - 93, -3*j = 4*m - 494. What is the remainder when j is divided by 55?
1
Let y(t) = -13*t - 113. Let x(i) = -11*i - 113. Let p(o) = 5*x(o) - 6*y(o). Calculate the remainder when p(5) is divided by 39.
33
Let s(g) = 127 - 281 - 24*g + 117. What is the remainder when 39 is divided by s(-2)?
6
Let m = 59 + -55. Suppose -10 = -m*w - 5*v, -8 = -5*w + 2*w - 4*v. Suppose 0 = -w*z - 6*z + 78. Calculate the remainder when 63 is divided by z.
11
Suppose 6*j - 132 - 843 = -s, -4*s - 5*j = -4014. What is the remainder when s is divided by 498?
15
Suppose 0 = 14*v + 16*v - 300. Let f = 146 + -128. What is the remainder when f is divided by v?
8
Let k = 830 - 725. What is the remainder when 2725 is divided by k?
100
Suppose 0 = -11*h + 34 + 208. Suppose 0 = -w + 7 + h. Calculate the remainder when 142 is divided by w.
26
Suppose 49*t - 9415 + 5201 = 0. What is the remainder when 496 is divided by t?
66
Let k(v) = v**3 - 4*v**2 + 2*v - 4. What is the remainder when (-9405)/57*(8/12)/((-40)/36) is divided by k(4)?
3
Let c = -164 - -304. Let m be 252/49 + 3/(-21). Suppose 3*u - m*u = -c. What is the remainder when u is divided by 18?
16
Calculate the remainder when (-5652)/1570*1025/(-2) is divided by 14.
11
What is the remainder when 18/(-24)*-4*2253/18*2 is divided by 20?
11
Suppose -11*k + 12009 = 3550. Suppose 6*n + 265 = k. What is the remainder when n is divided by 37?
10
Let n = 67 + -58. Suppose 0 = n*f + 9 + 18. Calculate the remainder when 6/10 + (f - 3762/(-30)) is divided by 25.
23
Suppose 68 = 6*o - 1186. Suppose -11*b + 0*b + o = 0. Calculate the remainder when 33 is divided by (-2 - -3)/(1/b).
14
Let l(g) = -g**3 - 7*g**2 + 1520*g + 10655. What is the remainder when l(-7) is divided by 2/(-5) - 57/(-5)?
4
Let m(f) be the second derivative of 17*f**4/4 - 7*f**3/6 - 5*f**2/2 - 23*f. Calculate the remainder when 209 is divided by m(-1).
50
Let j = 19 + 58. Suppose 7*i - 84 = 63. Calculate the remainder when j is divided by i.
14
Suppose -4577 = 13*g - 9416 - 8330. Calculate the remainder when g is divided by 86.
67
Suppose -3*y - 70 = -y. Let c = 4220 - 4146. Let h = y + c. What is the remainder when 115 is divided by h?
37
Let z = 325 + -327. Calculate the remainder when -4*(-6)/(-12) + (-166)/z is divided by 44.
37
Let a = 19 + -7. Suppose -8 - a = -g + 2*h, -g = -3*h - 22. Let r(l) = -l**2 + 18*l - 32. Calculate the remainder when r(10) is divided by g.
0
Suppose 2 = 4*v - 14. Suppose 0 = -8*t + v*t + 340. Let h(m) = 1414*m + 16998. Calculate the remainder when t is divided by h(-12).
25
What is the remainder when 656 is divided by 116/((2 - -21)/23)?
76
Suppose 18*i + 115 = 2005. Calculate the remainder when 257 is divided by i.
47
Let n = 359 - 305. Suppose 0 = 3*j - 5*h - n, -j = -h + 3*h - 18. Suppose -7*c + 2*c = -345. What is the remainder when c is divided by j?
15
Let q = -19 + 21. Suppose 2*p = 3*w - 14, q*w + 2*p + 0*p = 6. What is the remainder when 89 is divided by (w + 15/(-3))*-30?
29
Suppose -3*z + o + 85 = 0, 5*z + 2*o - 73 = 2*z. Let f = 283 + -98. Calculate the remainder when f is divided by z.
23
Let z(b) = b**2 + 29*b - 26. Let q be z(-30). Suppose 3*i + 5*s = 188, i + q*s + s - 66 = 0. What is the remainder when 362 is divided by i?
57
Let c = 1932 + -1798. What is the remainder when c is divided by 65?
4
Suppose -4*p + 2*t - 88 = -114, -5*p = -t - 34. Calculate the remainder when 391 is divided by p.
6
Suppose 4*w - 4*w - 27*w = -1674. What is the remainder when 4214 is divided by w?
60
Suppose -3*c - 2*c = -135. Suppose -5*o + 2*o + 12 = 3*z, 2*o - 20 = 4*z. What is the remainder when 4/(-16)*o*-70 is divided by c?
24
Let z(c) = 326*c**3 + c. Let g(v) = -240*v + 8963. Calculate the remainder when z(1) is divided by g(37).
78
Suppose -213 = -4*f - 13. Suppose -168*v - 45 = -183*v. Suppose -p + 436 = v*g, 7*g - 3*p - 750 = 2*g. What is the remainder when g is divided by f?
47
Suppose -u + 19 = 2*f, 5*u - 7 = -4*f + 5*f. Suppose 0 = 4*x - 3*x + 4*d - 33, 3*d = 5*x - 96. Calculate the remainder when x is divided by 2 + f/14*7.
3
Let t(d) = -25*d + 1471. What is the remainder when 495 is divided by t(58)?
12
Let s = -10803 + 16003. Calculate the remainder when s is divided by 51.
49
Let a(v) = -v**2 - 40*v + 26. What is the remainder when 1080 is divided by a(-40)?
14
Suppose 437 = 3*f - 5*i, -4*i - 580 = 18*f - 22*f. Calculate the remainder when 693 is divided by f.
117
Let p(s) = -s**2 + 25*s + 22. Let w be p(12). Let b = -170 + w. Suppose 0 = 4*m - 2*x - 116, 3*m - 5*x - 41 = 32. What is the remainder when m is divided by b?
7
Suppose -57*u + 56*u + 148 = 3*d, -2*u + 312 = -2*d. Calculate the remainder when u is divided by 22.
0
Let m(z) be the third derivative of -z**4/12 - 8*z**3/3 + 14*z**2. Let q be m(-5). Calculate the remainder when ((-54)/(-2))/(q/6 - -2) is divided by 16.
11
Suppose 19*v - 3244 + 1192 = 0. Let l = 936 + -616. What is the remainder when l is divided by v?
104
Suppose 0 = -5*g - 5, -15*r + 10*r - g + 12204 = 0. Calculate the remainder when r is divided by 188.
185
Let b(u) = u + 6. Let m be b(-4). Let k = 22 - 20. Suppose -k*t = -4, -m*g + 227 = -3*t - 53. What is the remainder when g is divided by 36?
35
Let h = 1598 + -1558. Calculate the remainder when 1357 is divided by h.
37
Suppose -31 = 4*r - 211. Calculate the remainder when (11/3)/(5/r) is divided by 1/(5/5) + 17.
15
Suppose 359 = -2*s - s - d, -3*s - 4*d - 356 = 0. Let r = s + 173. Let v = r + -40. Calculate the remainder when 37 is divided by v.
11
Let z(x) = 23*x + 156. Let o be z(-7). Let f(y) = -4*y + 30. What is the remainder when f(o) is divided by 9?
5
Let a = -76 - -79. Suppose 0 = 5*p - 7*n + 12*n - 530, p = a*n + 118. What is the remainder when 422 is divided by p?
95
Suppose 2*m - 11 = 7. Suppose 128*r = 130*r - 4*s - 32, -3*s - 15 = 3*r. What is the remainder when m is divided by r?
1
What is the remainder when 2444 is divided by ((-5139)/5710)/((-6)/5420)?
5
Let x(u) = -37*u + 37. Let w be x(-2). Suppose 0 = 4*a - 41 - w. Calculate the remainder when a is divided by 10.
8
Suppose -439 - 101 = 9*s. Calculate the remainder when (-22)/(-165) - 652/s is divided by 3.
2
Suppose 3*l + m - 42 - 43 = 0, 10 = -2*m. Suppose 181*a + 860 = 201*a. Let k = a - l. Calculate the remainder when k is divided by 8.
5
What is the remainder when 959 is divided by (1/2)/((-1)/(-32) + 0)?
15
Let z = -2693 - -3931. What is the remainder when z is divided by 96?
86
Suppose -3*l - 1 + 13 = 0. Let n(c) = c**3 - 3*c**2 - 3*c + 5. What is the remainder when 24 is divided by n(l)?
6
Suppose -72 = 3450*n - 3462*n. Calculate the remainder when 319 is divided by n.
1
Let z(v) = 92*v**2 + 14 - 26 + 3*v + 14. Let c be z(2). Suppose -32*l + 28*l = -c. What is the remainder when l is divided by 17?
9
Let v(a) = a**3 + 74*a**2 + 144*a + 24. Suppose -3*m + 233 = 20. Calculate the remainder when m is divided by v(-72).
23
Calculate the remainder when ((-44)/(-8))/((-2)/(-8)) is divided by (12/18)/(2/27).
4
Suppose 0*v - 3*v + u + 72 = 0, v - u = 26. Calculate the remainder when (-99)/4*184/(-69) is divided by v.
20
Let h(k) = 2*k - 78. Let f be h(41). Suppose -12*m + 7*m = 